*x + 162. Let h(p) = -5*p - 36. Give h(x).
-6
Suppose -2 = 2*y + 7*h - 5*h, 0 = 5*y - 5*h - 25. Let w(x) be the second derivative of 1/6*x**3 + 5 - 1/3*x**4 + 1/2*x**2 + 7*x. Calculate w(y).
-13
Suppose -4 = -y - 0*y. Let m(j) = -j**2 + j + 0*j**2 - y*j - 2*j. Calculate m(-4).
4
Let l = -6112 - -6115. Let s(g) be the second derivative of g**3/3 - g**2 - g. Calculate s(l).
4
Let h(c) = -c - 10. Let t be h(4). Let d = -8 - t. Let v(r) = -2 + r - 4*r + 4*r. Determine v(d).
4
Let l(k) = -k**2 + 6*k + 4. Suppose 2*c - 42 = -32. Give l(c).
9
Let i(u) = u**3 + 3*u**2 - 12*u + 2. Let m(w) = w**3 + 3*w**2 - 13*w + 3. Let j(l) = -7*i(l) + 6*m(l). Let p be (3 + 0)*8/(-6). Calculate j(p).
-4
Let a(o) = 20*o**3 + 52*o**2 - 57*o + 3. Let r(x) = -7*x**3 - 18*x**2 + 20*x - 1. Let w(n) = -6*a(n) - 17*r(n). What is w(-6)?
-13
Let n(q) = q**3 - 8704 + 8691 + 4*q**2 - 5*q**2. Let m = -2 + 2. Determine n(m).
-13
Let v(o) = -o + 3. Let c(f) = 12*f - 39. Let s(y) = 4*c(y) + 54*v(y). Let t be s(-7). Let x(a) = -t*a + 53*a - a**2 + 4 + 2. Give x(5).
6
Let u(w) = 6 + 10*w + 10*w - 27*w + 8*w. Let m(t) = -2*t - 11. Let x(o) = 6*m(o) + 11*u(o). Determine x(5).
-5
Let m(d) = 3*d**3 + 10*d**2 + 6*d + 9. Let x be m(-4). Let u = -45 - x. Let l(s) be the first derivative of -s**4/4 + s**3 - s**2 - 1. Give l(u).
0
Let h(g) = -11*g - 1 + 6 - 8 - 26*g + 2. What is h(1)?
-38
Let i(n) = -n**3 - 5*n**2 - n + 2. Let z(w) = -2*w**3 - 10*w**2 - 3*w + 5. Let v(j) = -7*i(j) + 3*z(j). What is v(-5)?
11
Let b(s) = 3*s**3 - 2*s**2 - 11*s + 20. Let j be b(2). Let h(f) = f**3 - 14*f**2 + 3. Determine h(j).
3
Let i be ((-9)/36)/(2/(-40)). Let x(v) = -2 + i - 10*v + 12*v. What is x(-5)?
-7
Let n(c) = -1372*c**2 + c**3 - 2 + 1366*c**2 + 1 - 2*c - 2*c**3. What is n(-3)?
-22
Let f(o) be the second derivative of -5*o**3/2 - o**2/2 + 19*o + 4. What is f(1)?
-16
Let j(h) = -4*h - 6. Let u = -489 + 482. Give j(u).
22
Suppose 0 = 98*l - 120*l + 66. Let z(o) = 4*o - 10. Determine z(l).
2
Let g be (1/2)/(-1 + (-5)/(-4)). Suppose d + g = 6. Let h(p) = -p**2 + 5*p + 3. Calculate h(d).
7
Let m(n) = -139*n**2 + 13*n - 5. Let k(p) = 72*p**2 - 8*p + 3. Let o(j) = 5*k(j) + 3*m(j). Determine o(-1).
-56
Let k(q) = 2*q. Let l(s) be the third derivative of -s**4/8 - s**3/6 - 9*s**2. Let w be l(-1). Give k(w).
4
Let j(k) = -k**2 - 2*k. Let o be j(-2). Let w(d) = o + 5*d + 6 - 5. Determine w(-3).
-14
Let g(y) = 5*y + 6. Let c be -1*42 - (-6)/3. Let r be 10/4*c/25. What is g(r)?
-14
Let x(k) = -2 - 6 + 6 - k**2 + 2*k + 1. Suppose 3*a - 2 = 4. Give x(a).
-1
Let r(k) = -38*k**2 - 50*k + 35. Let a(f) = 5*f**2 + 7*f - 5. Let n(l) = -15*a(l) - 2*r(l). Let t(z) = -z**2 - 6*z - 3. Let p be t(-4). What is n(p)?
5
Let f(i) be the first derivative of 3*i**2/2 - 2*i - 69. What is f(-2)?
-8
Let m(w) = -w**3 - 6*w**2 + w + 6. Let q(b) = -b**2 + 12*b + 8. Let z be q(13). Determine m(z).
-24
Let z(y) be the second derivative of y**5/20 + y**4/2 + y**3/6 + 3*y**2/2 + 16*y + 6. Determine z(-6).
-3
Let y(l) = l**3 - 13*l**2 + 13*l - 6. Let w(t) = t**2 + 10*t - 107. Let p be w(-17). Give y(p).
6
Let y be 2/(-4) - 6/4. Let u(c) be the first derivative of 45 + 1/2*c**2 - 1/3*c**3 + 2*c. What is u(y)?
-4
Let l(d) = -d**3 + 8*d**2 + 2. Let c be l(8). Suppose c*h - 17 + 1 = 5*z, -5*z = 10. Let a(n) = -2*n + 6 + n + h*n + n**2 + 0*n**2. Give a(-4).
14
Let t = -9991/12 + 833. Let m(z) be the second derivative of -t*z**4 - 5/6*z**3 + 0 - 1/20*z**5 - 5*z - 2*z**2. Determine m(-3).
-7
Let v be (2 - 9)/(-2 - -1). Let a(q) be the first derivative of 7/3*q**3 - 1/2*q**2 - 1/4*q**4 + 4 + 9*q. Give a(v).
2
Let o(d) be the third derivative of d**5/30 - 13*d**4/24 - 7*d**3/3 - 3*d**2 - d. Calculate o(7).
-7
Suppose -d = -2*d - 5. Let s(n) = -5*n**3 - 9*n**2 - 2*n + 1. Let j(a) = 11*a**3 + 19*a**2 + 5*a - 1. Let c(y) = 4*j(y) + 9*s(y). Calculate c(d).
-5
Let u(p) = -p**3 - 3*p**2. Let b(z) = -z**2 - 14*z - 15. Let a be b(-12). Suppose -a*q - 22 = -8*q. Let y be (-70)/22 - 4/q. What is u(y)?
0
Let u = 26 - 19. Let i(f) = 3*f + 7 + 4*f - f - u*f. What is i(4)?
3
Let v(y) be the second derivative of y**8/6720 + y**7/840 + y**6/360 - y**5/60 - 19*y**4/12 - 20*y. Let o(c) be the third derivative of v(c). Give o(-2).
-2
Let g(t) = -t**3 + 2*t - 228 - 209 - 6*t**2 + 443. Determine g(-6).
-6
Let a(v) be the first derivative of 3*v + 3 + 4/3*v**3 - 1/4*v**4 + 2*v**2. Give a(5).
-2
Let b(a) = -2*a + 9. Suppose -5*h + 37 = -24*s + 32*s, 0 = -5*h + 5. What is b(s)?
1
Let y(q) = 6*q - 49. Let c(a) = -15*a + 126. Let g(i) = -7*c(i) - 18*y(i). Let r be (-1)/((-1)/3) - 1. Let h be (-2)/4*-6 - r. Give g(h).
-3
Let q = 159 + -146. Let h(i) = -14*i**2 - i + 0 + q*i**2 - i + 1. Calculate h(0).
1
Let i(p) = 3*p**3 - 4*p + 4. Let r(m) = -8*m**3 + 11*m - 12. Let v(b) = -11*i(b) - 4*r(b). Suppose -5*t = -2*n + 10, -5*n = t + t + 4. Determine v(n).
4
Let d(a) = -a**2 + 2*a. Let c = 28 + -27. Let l be d(c). Let i(h) = 0*h**2 - 1 + 3*h**2 + h**2 + 4*h**2. What is i(l)?
7
Suppose 0 = -5*c + 12 - 2. Let a(q) = q**3 + 2135*q**2 - q - 2135*q**2 - 2. Calculate a(c).
4
Let p(c) = -c - 2. Suppose v - 2*d - 15 = 0, v - 5*d = 6*v - 60. Suppose 4*u + v = 1. Determine p(u).
1
Let s(j) = 6*j - 7. Let a be 1*-1*(1 + 4). Let q(l) = 7*l + 35. Let r(f) = -1. Let k(o) = q(o) + 42*r(o). Let c(x) = a*k(x) + 6*s(x). Calculate c(4).
-3
Let f(d) be the first derivative of -d**5/20 - d**4/12 + d**3/3 - 3*d**2/2 - 2*d + 8. Let y(a) be the first derivative of f(a). What is y(2)?
-11
Let u = 416 + -411. Let m(b) be the second derivative of 1/20*b**u + 0 - 4*b - 1/12*b**4 - 3/2*b**2 - 1/3*b**3. Calculate m(-2).
-11
Suppose 5*g = 3*v + 23 + 11, 3*v = 4*g - 29. Suppose a = -4, 2*d + 0*a - g*a = 10. Let y(n) = 2*n - 1 - 2 - 2 - n. Give y(d).
-10
Suppose -3*c - 19 = -4*b, 3*b = -4*c + c + 30. Let d(l) = -8*l - 2 - 4*l + b*l + 0 + l**2. Let h be 4 - 5/(5/(-2)). Give d(h).
4
Let p(o) = -o**3 + 12*o**2 + 15*o + 7. Suppose 38*i - 478 - 16 = 0. Calculate p(i).
33
Let i(x) = -3*x. Suppose -4*m = -41 + 21. Suppose -3*g - 4*r - 4 = 4, -2*g - 2 = r. Suppose m = -g*o - 5*o. Give i(o).
3
Let p(r) = 5*r - 2. Let c(f) = -4*f + 3. Let z(t) = 6*c(t) + 5*p(t). Let h be z(-6). Let i be 0 + 0 - (-12)/h. Let q(a) = a - 1. What is q(i)?
5
Let n(l) = -2*l**2 + 20 - 6 - 7 - 1 + l**2. Give n(-4).
-10
Let x(h) be the second derivative of -h**7/1260 - h**6/240 - h**5/30 - 5*h**4/3 - 14*h. Let g(f) be the third derivative of x(f). Calculate g(-3).
-13
Suppose 31 + 9 = -5*j - 3*s, -3*s - 29 = 4*j. Let i(z) = -9 + 5 - 74*z - 8 + 73*z. Let m be i(j). Let o(g) = -11*g**3 - g**2 - g. Determine o(m).
11
Let u(v) = 3*v**2 + 2*v - 1. Suppose -3*k = w - 5*k - 5, 2*w - 3*k = 8. What is u(w)?
4
Let u(o) = 2*o + 5. Let i(x) = -x - 1. Let t(p) = -8*i(p) - 3*u(p). Suppose 0 = 6*h - 2*h - 16. Suppose -3*j + 0*g = g - 17, -j = 2*g - h. Determine t(j).
5
Let o(h) be the second derivative of 5*h**3/6 + 9*h**2 + 56*h. Determine o(-3).
3
Let k(s) = 10*s - 4. Suppose 4*d = 12, 3 = -4*c + 3*d + 2. What is k(c)?
16
Let v(w) be the third derivative of -w**4/12 - 2*w**3 - w**2. Let s(g) = 45. Let a(f) = 28. Let h(x) = -8*a(x) + 5*s(x). Let b(r) = -12*h(r) - v(r). Give b(3).
6
Let q(i) be the first derivative of 0*i**2 + 0*i - 3/4*i**4 + 6 + 0*i**3. Give q(1).
-3
Let r = 4 + -4. Let v(a) = 4*a + 6*a + a**2 - 1 + r - 1. Give v(-9).
-11
Let v(t) = -3*t**2 - 2*t - 1. Suppose 49 = -4*p - 4*y + 25, -2*y - 18 = 4*p. Determine v(p).
-22
Let q(y) = -y + 4. Let c(g) = -22*g + 99. Let o(l) = 4*c(l) - 99*q(l). Give o(1).
11
Let m(u) = -2*u**2 - 9*u - 16. Let s(z) = z**3 + z**2 - 9*z + 2. Let w be s(2). Calculate m(w).
-12
Let y(z) = -5*z + 1. Let o(w) = w**2 - 1. Let u be o(-2). Suppose -u*d - 35 = 7. Let g be 4/(-18) - d/(-18). Determine y(g).
6
Let s(c) = -2*c - 7. Let z(q) = -2*q - 6. Let g = -16 + 11. Let a(w) = g*s(w) + 6*z(w). Let h = 3 - 2. Calculate a(h).
-3
Let v be 1/2*50 - 1. Let q(l) = -3*l + l - 4 + l + v. Calculate q(0).
20
Let r(b) be the first derivative of b**4/4 + 5*b**3/3 - 7*b**2/2 - 9*b - 77. Calculate r(-6).
-3
Let k = 1504 + -1501. Let y(w) = 6*w**2 - 16*w + 1. Calculate y(k).
7
Let d(t) be the first derivative of 3*t - 1/3*t**3 - 9 + 3*t**2. Let u = 4 - -3. Calculate d(u).
-4
Let w(y) = -2*y + 9. Let f(g) = g - 8. Let z(s) = 3*f(s) + 2*w(s). G